{"version":"1.0","type":"rich","provider_name":"Les \u003Cspan class=\"caps\"\u003ECS\u003C\/span\u003E  &amp; Khronos","provider_url":"https:\/\/lescs.fr","title":"L&#8217;int\u00e9rieur","author_name":"cricri","width":"480","height":"295","url":"http:\/\/lescs.fr\/L-interieur","html":"\u003Ch4 class='title'\u003E\u003Ca href='http:\/\/lescs.fr\/L-interieur'\u003EL&#8217;int\u00e9rieur\u003C\/a\u003E\u003C\/h4\u003E\u003Cblockquote class='spip'\u003E\n\u003Cp\u003E13&nbsp;mars 2015. L\u2019am\u00e9nagement int\u00e9rieur de Khronos est termin\u00e9. \n\n Trop beau ce Khronos, m\u00eame dans nos r\u00eaves on ne l\u2019imaginait pas si beau&nbsp;!!! \n\nJugez-en par vous m\u00eame&nbsp;! Et si vous le souhaitez, vous pouvez m\u00eame venir le voir en vrai&nbsp;!!! Il suffit de nous pr\u00e9venir dans la rubrique &#171;&nbsp;contact&nbsp;&#187;. \n\nBravo \u00e0 l\u2019\u00e9quipe Zocama \/ Luxer pour ce magnifique travail\u2026 \n\nCi-dessous un partie de l\u2019\u00e9quipe avec Pol d\u2019un c\u00f4t\u00e9, et de l\u2019autre Thomas, Manuel et Xavi autour de Christian.  Il manque David et Sergi,&nbsp;(\u2026)\u003C\/p\u003E\n\u003C\/blockquote\u003E\n"}

L&#8217;intérieur

<h4 class='title'><a href='http://lescs.fr/L-interieur'>L&#8217;intérieur</a></h4><blockquote class='spip'>
<p>13&nbsp;mars 2015. L’aménagement intérieur de Khronos est terminé. 

 Trop beau ce Khronos, même dans nos rêves on ne l’imaginait pas si beau&nbsp;!!! 

Jugez-en par vous même&nbsp;! Et si vous le souhaitez, vous pouvez même venir le voir en vrai&nbsp;!!! Il suffit de nous prévenir dans la rubrique &#171;&nbsp;contact&nbsp;&#187;. 

Bravo à l’équipe Zocama / Luxer pour ce magnifique travail… 

Ci-dessous un partie de l’équipe avec Pol d’un côté, et de l’autre Thomas, Manuel et Xavi autour de Christian.  Il manque David et Sergi,&nbsp;(…)</p>
</blockquote>
