{"version":"1.0","type":"rich","provider_name":"Les \u003Cspan class=\"caps\"\u003ECS\u003C\/span\u003E  &amp; Khronos","provider_url":"https:\/\/lescs.fr","title":"Islande - Et\u00e9 2016","author_name":"Contact site","width":"480","height":"295","url":"http:\/\/lescs.fr\/Islande-2016-26","html":"\u003Ch4 class='title'\u003E\u003Ca href='http:\/\/lescs.fr\/Islande-2016-26'\u003EIslande - Et\u00e9 2016\u003C\/a\u003E\u003C\/h4\u003E\u003Cblockquote class='spip'\u003E\n\u003Cp\u003ENous commen\u00e7ons \u00e0 prendre le temps&nbsp;! Nous sommes partis trois mois en Islande de d\u00e9but juin \u00e0 fin ao\u00fbt 2016. \n\n Cet \u00e9t\u00e9 Khronos et son \u00e9quipage sont partis pour leur premier grand voyage. Un grand moment de bonheur, des paysages inoubliables, et de belles rencontres. \n\nVous pouvez consulter l\u2019ensemble de nos journaux de voyage en image en cliquant sur les liens en bas de cet article. Il y a aussi quelques vid\u00e9os qui sont regroup\u00e9es ici. Et un \u00e9chantillon des plus belles photos sont visibles&nbsp;(\u2026)\u003C\/p\u003E\n\u003C\/blockquote\u003E\n"}

Islande - Eté 2016

<h4 class='title'><a href='http://lescs.fr/Islande-2016-26'>Islande - Eté 2016</a></h4><blockquote class='spip'>
<p>Nous commençons à prendre le temps&nbsp;! Nous sommes partis trois mois en Islande de début juin à fin août 2016. 

 Cet été Khronos et son équipage sont partis pour leur premier grand voyage. Un grand moment de bonheur, des paysages inoubliables, et de belles rencontres. 

Vous pouvez consulter l’ensemble de nos journaux de voyage en image en cliquant sur les liens en bas de cet article. Il y a aussi quelques vidéos qui sont regroupées ici. Et un échantillon des plus belles photos sont visibles&nbsp;(…)</p>
</blockquote>
